{"id":157,"date":"2016-08-30T19:43:35","date_gmt":"2016-08-30T17:43:35","guid":{"rendered":"http:\/\/www.oeaab-wien-aps.at\/?page_id=157"},"modified":"2024-02-29T10:07:22","modified_gmt":"2024-02-29T09:07:22","slug":"willkommen","status":"publish","type":"page","link":"https:\/\/www.oeaab-wien-aps.at\/?page_id=157","title":{"rendered":"\u00d6AAB Wien APS"},"content":{"rendered":"\n<h4 class=\"wp-block-heading\">Herzlich Willkommen auf der Seite der Landesfachgruppe Pflichtschullehrer\/innen des \u00d6AAB Wien<\/h4>\n\n\n\n<div class=\"wp-block-columns is-layout-flex wp-container-core-columns-is-layout-9d6595d7 wp-block-columns-is-layout-flex\">\n<div class=\"wp-block-column is-layout-flow wp-block-column-is-layout-flow\" style=\"flex-basis:74%\">\n<p>Gro\u00dfst\u00e4dtische, soziale Ver\u00e4nderungen und aktuelle Ereignisse verlangen es, dass man wieder vermehrt ein Augenmerk auf den Wiener Pflichtschulbereich legt. Die Wiener Pflichtschulstandorte und unsere P\u00e4dagoginnen und P\u00e4dagogen stehen bei der Bew\u00e4ltigung dieser Aufgaben vor enormen Herausforderungen und brauchen vor allem aus der Politik massive Unterst\u00fctzung, die praxisnahe und nicht ausschlie\u00dflich von ideologischen Wunschvorstellungen gepr\u00e4gt ist.<\/p>\n\n\n\n<p>Als Landesfachgruppe der Wiener Pflichtschullehrer des \u00d6AAB Wien sehen wir unsere Aufgabe darin wichtige schulpolitische Akzente zu setzen, Hilfestellung zu leisten und neue Ideen aufzuzeigen. Wir wollen praxisnahe p\u00e4dagogische Visionen und Innovationen in den Unterrichtsalltag der Schulen bringen. Unser Ziel ist es diese Vorschl\u00e4ge gesellschaftspolitisch und schulpolitisch&nbsp;in der Realit\u00e4t umzusetzen und somit praxisnahe L\u00f6sungen mit Gef\u00fchl und Hausverstand hervorzubringen.<\/p>\n<\/div>\n\n\n\n<div class=\"wp-block-column is-layout-flow wp-block-column-is-layout-flow\" style=\"flex-basis:26%\">\n<figure class=\"wp-block-image is-resized\"><img loading=\"lazy\" decoding=\"async\" width=\"426\" height=\"640\" src=\"http:\/\/www.oeaab-wien-aps.at\/wp-content\/uploads\/2016\/08\/Maresch_P_2016.jpg\" alt=\"\" class=\"wp-image-225\" style=\"width:210px;height:auto\" srcset=\"https:\/\/www.oeaab-wien-aps.at\/wp-content\/uploads\/2016\/08\/Maresch_P_2016.jpg 426w, https:\/\/www.oeaab-wien-aps.at\/wp-content\/uploads\/2016\/08\/Maresch_P_2016-200x300.jpg 200w, https:\/\/www.oeaab-wien-aps.at\/wp-content\/uploads\/2016\/08\/Maresch_P_2016-33x50.jpg 33w\" sizes=\"auto, (max-width: 426px) 100vw, 426px\" \/><\/figure>\n\n\n\n<p><\/p>\n<\/div>\n<\/div>\n\n\n\n<div class=\"wp-block-group\"><div class=\"wp-block-group__inner-container is-layout-constrained wp-block-group-is-layout-constrained\">\n<p class=\"has-text-align-left\"><\/p>\n<\/div><\/div>\n\n\n\n<p>Dar\u00fcber hinaus bieten wir mit zahlreichen Veranstaltungen f\u00fcr Jung und Alt die M\u00f6glichkeit einer Vernetzung unter den Wiener Lehrer\/innen. Bei Interesse freuen wir uns \u00fcber Ihren\/Deinen Besuch bei der n\u00e4chsten Gelegenheit!\u00a0Wir freuen uns auf Ihre\/Deine\u00a0Unterst\u00fctzung als Besucher bei einer Veranstaltung oder auch auf ein nettes Gespr\u00e4ch in entspannter Atmosph\u00e4re. Bei weiterem Interesse uns als Mitglied in unserer Fraktion tatkr\u00e4ftig zu unterst\u00fctzen melden Sie sich bitte per Anruf\/Whatsapp bzw. eine Nachricht per Mail an <a href=\"mailto:service@oeaab-wien-aps.at\">service@oeaab-wien-aps.at<\/a>. <\/p>\n","protected":false},"excerpt":{"rendered":"<p>Herzlich Willkommen auf der Seite der Landesfachgruppe Pflichtschullehrer\/innen des \u00d6AAB Wien Gro\u00dfst\u00e4dtische, soziale Ver\u00e4nderungen und aktuelle Ereignisse verlangen es, dass man wieder vermehrt ein Augenmerk auf den Wiener Pflichtschulbereich legt. Die Wiener Pflichtschulstandorte und unsere P\u00e4dagoginnen und P\u00e4dagogen stehen bei der Bew\u00e4ltigung dieser Aufgaben vor enormen Herausforderungen und brauchen vor allem aus der Politik massive &hellip; <\/p>\n","protected":false},"author":1,"featured_media":0,"parent":0,"menu_order":0,"comment_status":"closed","ping_status":"closed","template":"","meta":{"_kadence_starter_templates_imported_post":false,"footnotes":""},"class_list":["post-157","page","type-page","status-publish","hentry"],"_links":{"self":[{"href":"https:\/\/www.oeaab-wien-aps.at\/index.php?rest_route=\/wp\/v2\/pages\/157","targetHints":{"allow":["GET"]}}],"collection":[{"href":"https:\/\/www.oeaab-wien-aps.at\/index.php?rest_route=\/wp\/v2\/pages"}],"about":[{"href":"https:\/\/www.oeaab-wien-aps.at\/index.php?rest_route=\/wp\/v2\/types\/page"}],"author":[{"embeddable":true,"href":"https:\/\/www.oeaab-wien-aps.at\/index.php?rest_route=\/wp\/v2\/users\/1"}],"replies":[{"embeddable":true,"href":"https:\/\/www.oeaab-wien-aps.at\/index.php?rest_route=%2Fwp%2Fv2%2Fcomments&post=157"}],"version-history":[{"count":0,"href":"https:\/\/www.oeaab-wien-aps.at\/index.php?rest_route=\/wp\/v2\/pages\/157\/revisions"}],"wp:attachment":[{"href":"https:\/\/www.oeaab-wien-aps.at\/index.php?rest_route=%2Fwp%2Fv2%2Fmedia&parent=157"}],"curies":[{"name":"wp","href":"https:\/\/api.w.org\/{rel}","templated":true}]}}